est common factor of 10 and g?
5
Let x(c) = -c**3 - c**2 + 6*c + 13. Let s be x(-2). Calculate the highest common divisor of s and 90.
5
Suppose -17*a = -19*a + 264. Calculate the greatest common factor of 12 and a.
12
Let q(x) = -x - 4. Let t be q(-7). Suppose j = -5*w - 15, 0*j - 3*w + t = 3*j. Calculate the highest common divisor of 20 and j.
5
Let r(l) = 242*l + 56. Let y(u) = 22*u + 5. Let n(j) = -6*r(j) + 68*y(j). Let v be n(1). What is the highest common factor of v and 6?
6
Let y be (101 - 11) + (-1)/1*6. Suppose 5*h = -4*q + 33, -q - 3 = -0*h + 5*h. What is the highest common divisor of y and q?
12
Let m = -1 + 1. Suppose m = 4*z - 2*z - o - 54, -5*z + 2*o = -136. Let p = z - -2. Calculate the highest common factor of 3 and p.
3
Let a = -485 + 685. What is the greatest common factor of 80 and a?
40
Let v(h) = -2*h**2 - 5*h + 2. Let b be v(6). Let i be 2/(-4) - b/8. What is the highest common divisor of 120 and i?
12
Let m = 331 - 196. Suppose 0*z = -z + m. Suppose d = -4*f + 1 + 6, -77 = -5*d + f. Calculate the greatest common divisor of d and z.
15
Let g(z) = -z**2 - 18*z + 25. Let w be g(-10). Calculate the highest common factor of w and 560.
35
Let l(j) = j**3 + 27*j**2 + 26*j + 18. Let a be l(-26). Suppose 4*u - 63 = -5*k, 2*k + 0*k = 2*u - a. Calculate the greatest common divisor of 48 and u.
12
Let w(a) = a**2 - 58*a + 225. Let b be w(54). Let h(n) = 58 + n**3 + 0*n + 14 - n. Let q be h(0). Calculate the greatest common factor of b and q.
9
Suppose 0 = -4*b + 2 + 46. Let i = b - 7. Let w = -6 - -8. What is the greatest common divisor of i and w?
1
Let k = 141 - -2. Calculate the greatest common factor of k and 11.
11
Let t be 4 - ((-4)/(-4) + -3). Let i be (-9)/(-2)*t/9. Suppose -i*w + 60 = -0*w. What is the greatest common divisor of 20 and w?
20
Suppose -24*q = -23*q - 372. What is the highest common divisor of q and 48?
12
Let i = 35 - 26. Suppose -i*g + 72 = -3*g. Calculate the greatest common factor of 3 and g.
3
Suppose -4*u + 76 = 12. Let q be 304/(-1 - -3)*-1. Let p = -72 - q. Calculate the highest common factor of p and u.
16
Let s(j) = -264*j + 11. Let t be s(-1). What is the highest common divisor of 11 and t?
11
Suppose 2*h = 8, 0 = -4*u - 2*h + 5*h + 232. Calculate the greatest common factor of u and 366.
61
Let o = 335 + -323. What is the highest common factor of o and 90?
6
Let g = -22 - -33. Let k = 1102 + -1101. Calculate the greatest common factor of k and g.
1
Let z be (-35)/21*(-21 - -12). What is the highest common factor of z and 960?
15
Let k(o) = -3*o**2 + 40*o - 11. Let h(z) = 2*z**2 - 27*z + 7. Let t(u) = 8*h(u) + 5*k(u). Let b be t(17). What is the greatest common factor of 45 and b?
9
Let i = 18 + 3. Let c(x) = x + 7. Suppose -p = -3*p - 8. Let l be c(p). What is the highest common divisor of i and l?
3
Suppose -3*n + 3*z = -228, -1 = -2*z + 3. Suppose n = 2*d + 8. Let i be (1 + 0)*(2 - -3). Calculate the highest common factor of d and i.
5
Suppose 24*p - 26*p = -10, -4*q - 5*p = -553. Suppose 2*l - 34 = 2*v, -l - v - 3*v - 8 = 0. Calculate the greatest common factor of l and q.
12
Suppose -16848 = -74*t + 48*t. Calculate the highest common factor of t and 120.
24
Let c = -124 + 367. Let d(p) = 152*p - 1. Let q be d(-1). Let l = c - q. What is the greatest common divisor of l and 36?
36
Let m(k) = 58*k + 74. Let q be m(-1). Let j be ((-21)/9)/(2/(-48)). What is the greatest common factor of q and j?
8
Let g = -264 + 146. Let s = -78 - g. What is the highest common divisor of 280 and s?
40
Suppose 26 + 14 = 5*l. Suppose 4*z = -3*r + 114, 2*r = -2*r - l. Calculate the highest common divisor of 15 and z.
15
Suppose -w + 5*t + 44 = -5, -3*w + 115 = t. Suppose -9*x + 4*x = -4*z - 138, -18 = -x - 4*z. What is the highest common factor of w and x?
13
Suppose 0 = 2*w + 8, -s - 98*w + 18 = -95*w. Calculate the greatest common factor of 560 and s.
10
Suppose 136 = 5*o - 4. What is the greatest common factor of o and 56?
28
Let p(o) = -41*o - 2. Let x(c) = c + 8. Let d be x(-4). Suppose d*t + 3*b - 5 = 0, -4 = -b - 1. Let u be p(t). What is the greatest common factor of u and 13?
13
Suppose 98 = 8*o - 126. Suppose 11*c - o = 16. Calculate the greatest common factor of 4 and c.
4
Let j = 12 + -3. Suppose -24 = -18*s - 6. What is the greatest common factor of s and j?
1
Let t be (-8 - -8)*(-2 + 1). Let g(i) = 2*i + 98. Let m be g(t). Calculate the highest common divisor of 14 and m.
14
Suppose 0 = 5*k + 20, 12*m - 7*m - 105 = 5*k. Suppose 24*q = m*q + 49. What is the greatest common divisor of 70 and q?
7
Let q = 435 + 940. Calculate the highest common factor of 11 and q.
11
Suppose 0*m + m = 503. Let r = m + -173. Calculate the highest common divisor of r and 30.
30
Let w = -142 - -97. Let y be (-75)/w*(2 + 1). What is the highest common factor of y and 25?
5
Suppose 40*a - 1910 - 1490 = 0. Calculate the greatest common factor of 5 and a.
5
Let z(w) = -w**3 - 21*w**2 + 48*w + 61. Let j be z(-23). Calculate the highest common divisor of 105 and j.
15
Let i be 18 - (-1 + 6 + -3). Suppose -2*b + 320 = 2*b. Calculate the highest common factor of b and i.
16
Suppose 5*d - 14*p - 68 = -12*p, 4*p + 24 = 2*d. Suppose 3*g = -5*y + 25, 3*y - 17 + 6 = -g. Calculate the highest common divisor of d and y.
2
Let z(y) = -y**3 - 8*y**2 - 13*y - 4. Let t be z(-6). Suppose 2*i - t*r = 12, -4*i - 2*r + 0*r = 0. Calculate the greatest common factor of i and 14.
2
Let d(h) = h**2 - 8*h + 10. Let c be d(8). Let k(i) = i**3 + i**2 - 2*i + 8. Let t be k(6). Suppose 202 + t = 5*y. What is the highest common factor of y and c?
10
Suppose 0 = 5*v - 0*v + 30. Let t(a) = -a**3 - 6*a**2 - 3*a + 5. Let r be t(v). Let i = r - -28. Calculate the highest common divisor of i and 34.
17
Let r = -75 + 139. Suppose -4*b + 4 = -4*h + 52, -3*h - 4*b = -8. What is the greatest common divisor of h and r?
8
Let x = -57 - -81. Let i(v) = -v**2 - 10*v + 111. Let w be i(-9). What is the greatest common factor of w and x?
24
Let y = -124 - -130. What is the highest common factor of 5 and y?
1
Let a = -5 + 7. Let v(u) = -3*u**2 + 1 - u**2 + 3*u**a + 8*u. Let z be v(6). Calculate the highest common factor of z and 13.
13
Let c = 454 - 264. What is the greatest common divisor of c and 38?
38
Let l be (-2)/4*1*(16 - 0). Let m(y) = 2*y**2 + 13*y + 19. Let s be m(l). Calculate the highest common divisor of s and 129.
43
Suppose 5*q - 6*g = -4*g + 280, -111 = -2*q + g. Calculate the highest common divisor of q and 145.
29
Let i be (0 + 1)/(1/63). Let z be 89/4 - 1/4. Suppose 2*m = 3*r + m - z, r + 3*m = 24. What is the greatest common factor of i and r?
9
Let u(t) = t**2 + 21*t + 14. Let l = 40 - 61. Let o be u(l). Calculate the highest common divisor of 70 and o.
14
Let g = 394 + -346. Let o = -12 + 24. Calculate the greatest common divisor of g and o.
12
Let g = 61 - 13. Suppose 14 = 4*y - 5*x - 39, 0 = -2*y - 3*x + 21. What is the highest common factor of g and y?
12
Suppose -3*i + n = -6*i + 85, -i + 43 = 4*n. Let z(a) = -a**2 + a + 12. Let j be z(0). Let o be -3 + 8 - j/(-3). Calculate the highest common factor of o and i.
9
Let i be (-184)/20*(-6 - 1*-1). Suppose 152 = -i*p + 47*p. What is the greatest common divisor of p and 19?
19
Let y(g) be the third derivative of -g**4/12 + 11*g**3/6 - 2*g**2. Let z be y(5). Calculate the highest common divisor of z and 11.
1
Suppose 2*l - 228 = -2*l - 5*i, 4*i + 16 = 0. Suppose z - 2*c = l, -z + 3*c + 120 = z. Let m = -15 - -33. What is the highest common factor of z and m?
18
Let z = 128 - -124. Let t be (-4)/10 + z/30. Let f(h) = 25*h**3 - 1. Let k be f(1). What is the greatest common factor of k and t?
8
Suppose 2*s = -n - 3, 44 - 14 = 5*n - 5*s. Suppose n*m = 7*m - 448. What is the greatest common factor of m and 14?
14
Let h(a) = a**2 - 6*a + 2. Let g be h(7). Let n be 40/(-6)*(-27)/6. Suppose 5*w - 3*p - 24 = w, n = 2*w + 3*p. Calculate the highest common divisor of g and w.
9
Let n = 340 + -288. Calculate the highest common factor of 91 and n.
13
Suppose o + 16 = 2*q - o, -q = -2*o - 9. Suppose 0 = 4*w - 3*w - q. Let k = -168 + 245. What is the greatest common divisor of w and k?
7
Let v = -20 + 22. Let o(x) = 4*x**3 - x**2 + x + 3. Let t be o(v). Calculate the greatest common factor of 3 and t.
3
Let q be ((